2*l - 2 - l**2. Give t(-6).
10
Let v = 102 + -99. Let o(n) = n**2 - n**2 - 2*n + 2*n**2 - 4. Determine o(v).
8
Let p(g) = -3*g + 29. Let z(b) = -2*b + 19. Let d(w) = -5*p(w) + 8*z(w). Let t be ((-2)/2 - -1) + -2. Let l be (0 + t)/((-4)/6). Give d(l).
4
Let s be 38/(-8) + 3/(-12). Let h(d) = 3*d - 2*d + 0*d - 2. Determine h(s).
-7
Let o(d) = d + 2. Suppose -x - 3*x = -12. Suppose x*w + 10 = -2. What is o(w)?
-2
Suppose 2*y - 13 = -4*c - 1, -4*y + 4*c = 0. Suppose 4*o - 18 = -y*p, -o = -3*p - 0*p - 8. Let i(n) = n**2 - 5*n - 2. What is i(o)?
-2
Let u(y) = -11*y + 6. Let d(q) = 9*q - 6. Let w(k) = 6*d(k) + 5*u(k). Calculate w(5).
-11
Let z(q) = q**3 - 5*q**2 + 5*q - 2. Let s be z(3). Let p(f) = 4*f + 2. Let a(k) = -7*k - 3. Let d(i) = s*p(i) - 3*a(i). What is d(5)?
4
Let j(w) = -4*w - 2. Let v be j(-2). Suppose 2*l + v = 54. Suppose -5*k = -0*k - 4*o + l, 7 = -k + 3*o. Let f(a) = -a**2 - 5*a - 5. What is f(k)?
-1
Suppose -3*j - f = 2*f + 3, 5*j = 3*f - 45. Let h(t) be the first derivative of 5/3*t**3 - 7 + 7*t + 1/4*t**4 - 2*t**2. What is h(j)?
-5
Let h(z) = -z**2 - 10*z + 18. Let m be h(-12). Let l(r) = -r. Determine l(m).
6
Let i(r) = r**3 + 1. Let z(f) = 5*f**3 + f**2 + f + 7. Let y = -45 + 15. Let d be 10/y - 13/(-3). Let w(h) = d*i(h) - z(h). Give w(0).
-3
Let k(i) = 40*i - 10. Let w(u) = 13*u - 3. Let f(v) = 2*k(v) - 7*w(v). Let g(n) = 23*n - 3. Let o(j) = -5*f(j) - 2*g(j). Determine o(-2).
-17
Let v = 72 + -67. Let x(y) = -y**3 + 4*y**2 + 5*y - 4. Give x(v).
-4
Let q(a) = a - 7. Let t be (-1 - (1 + 0)) + 2. What is q(t)?
-7
Let w(r) be the second derivative of 3/10*r**5 + 1/2*r**2 + 2*r + 1/3*r**3 + 0 + 1/6*r**4. Determine w(-1).
-5
Let z = 0 - 0. Suppose z*u = -4*u - 4. Let m(d) = -1 - 2 + 2 - 4*d**2 + 0*d**2. Calculate m(u).
-5
Suppose -3*m + l = -9, 4*l - l - 1 = 2*m. Suppose -m*q + 3*q - 1 = 0. Let b(s) = -s. Let r(x) = 4*x + 4. Let f(g) = q*r(g) - 5*b(g). What is f(-4)?
-8
Let j = -58 + 50. Let i(o) = o**3 + 8*o**2 + o - 4. Determine i(j).
-12
Let h(d) be the first derivative of -d**4/4 - 2*d**3/3 + 2*d**2 - 2*d - 3. Calculate h(2).
-10
Let x = -8 - -4. Let i(u) = -2*u + 13. Let p(y) = y - 7. Let m(c) = x*i(c) - 7*p(c). Calculate m(0).
-3
Let k(d) = -d**3 - 8*d**2 - d - 8. Let y be k(-8). Let w = -2 - y. Let f(i) = -3 - i**3 + 0*i**2 + i**2 - 4*i - 5*i**2. Give f(w).
-3
Let q(x) = x - 2. Let c be q(4). Let u(b) = b**2 - 13*b - c*b**2 + 3*b. Let l(s) = s - 1. Let i(o) = -3*l(o) - u(o). Give i(-5).
-7
Let f(y) = y**3 - 7*y**2 + 5*y + 5. Let o = -1 - -6. Suppose -7 - 25 = -5*q - 2*w, o*w = 4*q - 19. What is f(q)?
-1
Suppose -3*s = i + 5, 3*i - 4*s + 2 = -0*s. Let o be 2 - (i/(-1) + 5). Let c(p) = -p**2 - 5*p + 6. Give c(o).
6
Let p(h) = -23*h - 17. Let w(s) = 4*s + 3. Suppose -3*r - r - 24 = 0. Let a(n) = r*p(n) - 34*w(n). Let v(g) = -g**2 - g + 4. Let c be v(-3). Calculate a(c).
-4
Suppose -2*p + 1 = -5. Let y(r) be the third derivative of r**6/720 + r**5/60 + r**4/24 - 2*r**2. Let l(h) be the second derivative of y(h). What is l(p)?
5
Let z(w) = -w + 13. Suppose -42 = -7*p - 0*p. Calculate z(p).
7
Let a(b) = -6*b - 13. Let y(v) = -5*v - 12. Let s(f) = -4*a(f) + 5*y(f). Give s(0).
-8
Let f(b) be the third derivative of -b**6/120 + b**5/10 - 7*b**4/24 + 7*b**3/6 + b**2. Let h be (-159)/(-33) + (-8)/(-44). Determine f(h).
-3
Suppose 0 = -b - 5*j - 31, 2*b + 54 = -4*j + 22. Let h(n) = -n**3 - 7*n**2 - 6*n + 2. What is h(b)?
2
Let w = 40 - 46. Let m(s) = 2 - 2*s**2 - 6*s**2 - s**3 + s**2 - 6*s. Give m(w).
2
Let q(l) = 0 - 6 + l - 2. Let o be 0/(2 - (-3)/(-3)). What is q(o)?
-8
Let x(q) = q**3 + q**2 - q + 8. Let r be 85/10 - 1/2. Suppose -2*j = -2*i - r, -j + 2*i + 8 = -2*j. Calculate x(j).
8
Let y be 4 + 8/12*3. Let h(d) = -4*d**3 + 0*d + 5*d**3 - 7*d**2 + 4*d + 2. What is h(y)?
-10
Suppose -5*i - 20 - 5 = 0. Let y(c) = c**2 + 6*c + 1. Give y(i).
-4
Let o(g) = 6*g**3 + 6*g**2 - 5*g - 3. Let x(c) = 7*c**3 + 7*c**2 - 6*c - 4. Let b(y) = 6*o(y) - 5*x(y). What is b(0)?
2
Let i(x) = -3*x**2 - 3*x**3 + 6*x + 4 + 3*x**3 - x**3. Suppose 0 = -20*q + 17*q + 27. Let l be 4 + q/((-27)/24). Give i(l).
-4
Suppose -2*p - 20 = -7*p. Let u be -5 + (2*-4)/p. Let a(g) = g + 6. Determine a(u).
-1
Let s(c) = -c**2 - c + 1. Let k(w) = -2*w**2 + 9*w - 8. Let f(v) = -v**2 + v - 1. Let x(z) = -3*f(z) + k(z). Let q be x(-7). Give s(q).
-5
Let o(c) = -c - 2. Let w be o(-2). Let i(b) be the second derivative of w - b**2 + 1/6*b**3 - 1/12*b**4 + 2*b. Give i(0).
-2
Let j be -22*4/144*(-3 + 0). Let k(f) be the second derivative of -j*f**3 + 0*f**2 + 0 - f. What is k(-1)?
11
Let w = 19 - 9. Let l be (12/w)/((-12)/30). Let s(q) = 13*q + 13. Let x(m) = -3*m - 3. Let v(j) = -2*s(j) - 9*x(j). Calculate v(l).
-2
Let y = -1 + 2. Let u be y*(-3 - -4)/1. Let h(i) be the third derivative of -i**5/20 + i**3/6 - i**2. Give h(u).
-2
Let q(v) = -6*v + 1. Let s(w) = 7*w. Let b(h) = -5*q(h) - 4*s(h). Give b(4).
3
Let y = -77 + 70. Let n(a) = a + 12. What is n(y)?
5
Let w(d) = -d**2 + 3*d + 2. Let y = 5 - 1. Calculate w(y).
-2
Let z(l) = 0*l - 5*l - 6*l + l - 1. Give z(1).
-11
Let n be -7 - 1*(0 - 1). Let h(k) = -126*k + k**3 + 5*k**2 - 11 + 3 + 118*k. Calculate h(n).
4
Let u(s) = -5*s**2 + 4*s - 4. Let o be -2 - 3/((-6)/(-4)). Let c(t) = -9*t**2 + 9*t - 9. Let x(q) = o*c(q) + 9*u(q). Determine x(1).
-9
Let h(r) = 4*r - 4. Let l = -4 - -6. Suppose 5*b = l - 12. Let j = b + 5. Calculate h(j).
8
Let p(u) = -5 + 4*u + 10*u**2 + u**3 - 1 - 15*u**2. Calculate p(4).
-6
Let d be 3/(-2)*20/6. Let m(y) = y**3 + 5*y**2 + y + 5. Calculate m(d).
0
Let n(p) be the first derivative of p**2/2 + 11*p - 15. Give n(-7).
4
Suppose -5*u - 4*p = 27, 8 = -4*u + p - 1. Let y(h) = h**3 + 4*h**2 + 4*h + 2. Determine y(u).
-1
Suppose 0*o + 9 = -3*o. Let t(g) = g + 1. Calculate t(o).
-2
Let d(l) = -3*l**2 + 2*l - 2. Let s(n) = -n - 6. Let w be s(-8). Give d(w).
-10
Let k = 25 - 28. Let s(p) = p**3 + 5*p**2 + 3*p + 2. What is s(k)?
11
Let v(m) = -m**3 + 4*m**2 + 2*m - 1. Let b be v(2). Suppose x + b = 10. Let o(j) = j + 6. Let p(q) = -1. Let z(a) = o(a) + 6*p(a). Determine z(x).
-1
Let p(i) = -2*i**3 + 16*i**2 + 2*i - 8. Let q be p(8). Let f(n) = n**2 - 6*n + 1. Determine f(q).
17
Suppose 0 = -6*r + 2*r - 16. Let g(o) = -o**3 - 5*o**2 - 6*o - 6. Calculate g(r).
2
Let g(h) = h**3 - 7*h**2 - h + 9. Let z be g(7). Let n(u) = 21 + 19 - 3*u**z - 42. What is n(2)?
-14
Let w(z) be the third derivative of z**4/12 - 45*z**2. Calculate w(-6).
-12
Let s(n) = n**3 - 6*n**2 + 4*n. Let t be (30/4)/(13/(-26)). Let m = 20 + t. Give s(m).
-5
Let c(a) be the third derivative of -a**8/6720 + a**7/630 - a**6/720 - a**5/120 + a**4/8 + 2*a**2. Let v(g) be the second derivative of c(g). What is v(3)?
5
Let n(x) = -5*x**2 - 8*x - 5. Let i(t) = -4*t**2 - 8*t - 4. Let f(y) = -4*i(y) + 3*n(y). Determine f(-8).
1
Suppose 6*m + 0*m = 72. Let w(g) = -g + 16. Determine w(m).
4
Suppose 0 = 2*j + 3*c - 27, -2*c + 4*c + 20 = 5*j. Let s(g) = g. Let d be 2 - (-1 - 1/(-1)). Let w(a) = 2*a - 1. Let p(m) = d*w(m) - 5*s(m). What is p(j)?
-8
Let u(s) = 8*s**2 - 2*s**2 + 9*s - s**2 - 9 - s**3. What is u(6)?
9
Let c(f) be the second derivative of f**4/3 - f**3/6 + f**2/2 - 16*f. Determine c(1).
4
Let q(n) be the third derivative of -5*n**2 - 1/5*n**5 + 0 + 0*n**4 - 1/6*n**3 + 0*n. Give q(1).
-13
Let o = 19/430 - -1/172. Let r(z) be the second derivative of 0 + 1/3*z**4 - 3*z**2 + 4*z - o*z**5 + 1/2*z**3. What is r(4)?
6
Suppose -m + 48 = 3*c + 3*m, 3*m = 3*c - 69. Suppose -4*b - j = -2*b + 20, 4*b - 3*j = -c. Let i be 34/10 + b/20. Let n(y) = -y. What is n(i)?
-3
Suppose -c + 0 + 3 = -4*v, c - 3*v = 1. Let k(q) = q**3 + 4*q**2 - 4*q + 3. Determine k(c).
-2
Let j(n) = n + 1. Let d(p) = -4*p + 1. Let c(w) = -d(w) + j(w). Give c(2).
10
Let n(z) = 4*z**3 - 11*z**2 - 7*z - 16. Let o(k) = k**3 - k**2 - 1. Let v(m) = -n(m) + 3*o(m). Calculate v(9).
-5
Let h(v) = v**3 - 6*v**2 + 4*v - 8. Let y = 41 - 35. Determine h(y).
16
Let f(m) = -2*m**2 - 2*m. Let q(l) = -l**2 + 1. Let r(u) = -f(u) + 4*q(u). Let s be 3 - (0/3)/1. Give r(s).
-8
Let x = 9 + -13. Let f(v) be the second derivative of v**5/20 + 5*v**4/12 + 2*v**3/3 - 11*v. Give f(x).
0
Let u(c) = -5*c - 16. Let w be u(-5). Let z(m) be the first derivative of 0*m**2 - 2 - 1/3*m**3 - w*m. Calculate z(0).
-9
Let